j be (4 - 3)*l - -6. Determine r(j).
-1
Let i(z) = -94 + z + 2*z + 93. Calculate i(1).
2
Suppose -4*l - 3*n = -16, n + 16 - 4 = 3*l. Let t(z) = -11*z + 17. Let d(g) = -5*g + 8. Let m(v) = -7*d(v) + 3*t(v). Give m(l).
3
Suppose -i - 10 = 4*i. Let j(q) = 4. Let m be 1 - (-5 - (2 + -3)). Let r(s) = s + 9. Let w(a) = m*j(a) - 2*r(a). Calculate w(i).
6
Let q(n) = 10*n + 3. Let i be 1/2 - (-13)/2. Suppose -3*g - 9 = 0, -i = -r + 6*r - g. Determine q(r).
-17
Let p(z) be the third derivative of z**4/6 + 10*z**2. What is p(-4)?
-16
Let x(n) = 2*n + 9. Let k = -8 + 1. Calculate x(k).
-5
Let n(h) = -10*h**2 - 8 + 2 - 4 + 24*h**2 + 12*h + h**3. Determine n(-13).
3
Let d(p) = -2*p - 7. Let n(c) be the first derivative of -c**4/4 - 8*c**3/3 - 7*c**2/2 - 5*c + 1. Let t be n(-7). Give d(t).
3
Let q(k) be the third derivative of k**9/30240 - k**8/10080 + k**7/5040 - k**5/15 + 2*k**2. Let c(s) be the third derivative of q(s). Give c(1).
1
Suppose w + 0 - 2 = 0. Let a(u) be the first derivative of u**3/3 - u**2/2 + u + 18. Calculate a(w).
3
Let n(d) = -4*d**2 - 4*d**2 + 2*d + 3*d**3 + 10*d**2. Calculate n(-2).
-20
Let r(m) be the first derivative of 5/2*m**2 + 6*m + 1 + 1/3*m**3. What is r(-4)?
2
Let n(x) be the third derivative of x**5/12 - x**3/6 + 18*x**2. Calculate n(1).
4
Let o(y) = -y**2 + 4. Let f(k) = -k**2 + k + 9. Let t be f(3). What is o(t)?
-5
Let q(v) = -v**3 - 4*v**2 - 2*v + 4. Suppose -5 = -3*b - 47. Let m be b/4 - (-4)/8. Give q(m).
1
Let l(p) = -10 - 2*p - 3*p - 16*p**2 - 2*p + 15*p**2. Give l(-7).
-10
Let t(a) = 2*a**2 - 2*a**2 + 6*a**2 - 4*a + 5 - 7*a**2. Let f(j) = -j**3 + j**2 - 4. Let h be 8/36 + 2/(-9). Let k be f(h). Calculate t(k).
5
Let c be 4 + (-3 - (-3 - 0)). Suppose o + 4 = 5*a - 5, 2*o + 12 = c*a. Let n(k) = -k**3 - 5*k**2 - 7*k - 5. What is n(o)?
7
Let n(f) be the third derivative of -f**5/60 + f**4/6 - f**3/3 + f**2. Let c = -14 + 10. Let j(k) = k**2 + 4*k + 4. Let z be j(c). Determine n(z).
-2
Let q(o) = o**3 - 4*o**2 + 2*o + 1. Suppose -5*x - l = -6, 18 = 3*x + 2*x - 2*l. Let u be (3/3)/x*4. Let b = u - 0. Calculate q(b).
-3
Let r(k) = k + 8. Suppose -5*p = 5*i - 25, -p + 10 = -i + p. What is r(i)?
8
Let j(t) = -2*t**3 + 11*t**2 - 13*t + 9. Let g(k) = k**3 - 6*k**2 + 7*k - 5. Let w(c) = 11*g(c) + 6*j(c). What is w(-1)?
1
Let m(v) be the third derivative of 0 + 0*v + 1/30*v**5 - 2*v**2 - 5/24*v**4 - 2/3*v**3. Suppose 0 = 5*t, 2*t - 2 = -k + 2. Calculate m(k).
8
Let i(u) be the first derivative of 1/2*u**4 - 1/20*u**5 - u - 2/3*u**3 + 2 + 0*u**2. Let v(z) be the first derivative of i(z). Give v(5).
5
Suppose -23 = -5*k - 3. Suppose 0 = -k*g - 4*r - 8, g - 6 = 5*r + 16. Let c(o) = 3 - 2*o - o**2 + o**3 + o**3 - o**2. Calculate c(g).
7
Let u(z) = z + 4. Let k(b) = b**3 - 8*b**2 + 8*b + 4. Let n be k(7). Suppose -4*r - 5*q + 4 = -13, -5*q + n = 2*r. Give u(r).
7
Let n(g) be the first derivative of 2*g**2 - g + 3. Calculate n(3).
11
Let c(t) = -t**2 + 6*t + 6. Let u be (-2)/(1/(-6)*3). Let k be 27/u - (-9)/(-12). What is c(k)?
6
Let n(c) = -c**3 - 4*c**2 + 4*c - 1. Let h = 23 + -28. Give n(h).
4
Let l(a) = -8*a + 4. Let y(i) = 9*i - 5. Let s(q) = -4*l(q) - 3*y(q). Let d be (6/9)/2*-3. What is s(d)?
-6
Let f(v) = 3*v + 15. Let l be f(-4). Let j(y) = y**3 - 2*y**2 - 5*y + 3. What is j(l)?
-3
Let i(u) = u - 4. Let n(w) = -3. Let j(g) = 3*i(g) - 4*n(g). Determine j(-4).
-12
Let l(h) = 6 - h - 1 - 3. Let s be (-3)/((42/4)/7). Determine l(s).
4
Let h(c) be the first derivative of -c**4/4 + c**3/3 - c - 4. Let l = 1 - 1. Determine h(l).
-1
Let r = 12 - 12. Let s(l) = -8*l**2 + 12 + r*l**2 - 4*l**2 - 7*l - l**3 + 2*l**2. Calculate s(-9).
-6
Let f(y) = y**3 + 4*y**2 + y + 1. Let v = 29 + -33. Give f(v).
-3
Let j = 12 + -10. Suppose 3*c = 5*d + 31, 0*c + 11 = -3*d - j*c. Let i(f) = 2*f + 7. Determine i(d).
-3
Suppose b + 3 = -5*v + 4, -v = 4*b - 4. Let p(z) = z**3 - 2*z - 3*z + 8*z - 4*z. What is p(v)?
0
Let b(m) = -m - 6. Let y be ((-18)/8)/(2/16). Suppose -2*k + 55 = 5*o, 2*k + k + 67 = 4*o. Let r = o + y. What is b(r)?
-1
Let j(v) be the third derivative of 0*v**3 + 1/60*v**6 + 1/30*v**5 - 2*v**2 + 0*v - 1/12*v**4 + 0. Give j(-2).
-4
Let w be 4/(-10) + (-36)/10. Let s(a) = 0*a + 3 + 2*a - 3*a + 2*a. Calculate s(w).
-1
Let s be 7/4 - (-1)/4. Let i be (-6)/2 + s - -6. Let y(u) = u**2 - 7*u + 6. Determine y(i).
-4
Let p(o) be the second derivative of 1/12*o**4 + 0 + 2*o + 1/2*o**3 - 2*o**2. Calculate p(-4).
0
Let f(a) = a + 1. Let j(l) = -l + 8. Let q be j(5). Let y(u) = 2*u + 15. Let s(o) = q*f(o) - y(o). Calculate s(0).
-12
Let j(q) be the second derivative of q**5/20 - q**4/2 - 3*q**2 + 28*q. Give j(6).
-6
Let m = 7 + -4. Suppose -2*z = -2*t + 14, 20 = 2*t - m*z - z. Let i(g) be the second derivative of g**4/12 - 5*g**3/6 + 5*g**2/2 - g. Calculate i(t).
1
Let f(w) = -w**3 + w**2 + w + 1. Let s(v) = -9*v**3 + 5*v**2 + 3*v + 3. Let b(c) = 4*f(c) - s(c). What is b(-1)?
-6
Let l(c) = c**2 + 8*c + 12. Let t be l(-2). Let b(j) = -j**2 - j - 2. Determine b(t).
-2
Let m(n) = 3*n**2 - 8*n + 6. Let i(u) = 4*u**2 - 9*u + 6. Let g(v) = -2*i(v) + 3*m(v). Calculate g(5).
1
Let d(l) = -3*l**2 - 4*l - 4. Let i(k) = -k**2 + k. Let n(z) = d(z) - 2*i(z). Calculate n(-6).
-4
Let v(p) = 5*p + 5. Let w = -98 + 94. Determine v(w).
-15
Let k(i) = -i**2 + 8*i + 8. Let v(y) = -y**2 + 8*y + 9. Let c(h) = -4*k(h) + 5*v(h). Determine c(9).
4
Let l(q) = q - 11. Let b be l(9). Let h(t) = -2*t**2 + t. Determine h(b).
-10
Let a(r) = -2*r**3 + 3*r**2 + 2*r + 12. Let c(w) = -3*w**3 + 4*w**2 + 3*w + 12. Let q(o) = -4*a(o) + 3*c(o). What is q(0)?
-12
Let r(m) = m**3 - 6*m**2 - 7*m + 6. Let p be r(7). Let j = p - -11. Let o = j - 11. Let x(k) = k**2 - 7*k. Calculate x(o).
-6
Let d(j) be the second derivative of j**3/2 - j**2 + j. Let z be 4/(-5)*(-5)/(-2). Calculate d(z).
-8
Let h = 13 - 7. Let b(f) = f**2 + f - 1. Let x(r) = -5*r**2 - 14*r + 14. Let g(p) = h*b(p) + x(p). Give g(6).
-4
Let q(y) be the third derivative of -y**6/120 - y**5/30 - y**4/24 - y**3/3 - 2*y**2. Let c be q(-2). Let b(g) = -g**3 + g**2 + g + 3. Give b(c).
3
Let d be 8/28 + 32/(-14). Let j be 6*d/9*-3. Let w = j - 9. Let z(a) = a**2 + 5*a - 2. What is z(w)?
-2
Let j(m) = -m**2 - 8*m - 9. Let b(l) = 2*l**2 + 13*l + 14. Let q be b(-4). What is j(q)?
3
Let w(s) = -20*s**3 - 59*s**2 + 59*s - 39. Let p(f) = 7*f**3 + 20*f**2 - 20*f + 13. Let g(j) = -17*p(j) - 6*w(j). Calculate g(-15).
-2
Let g(l) = l**2 + 10*l + 2. Let x = -15 + 7. Calculate g(x).
-14
Let m = 13 + -9. Let u(w) = 2*w**2 - 5*w - 4. Give u(m).
8
Let g(i) = 7*i**2 - 3*i - 5. Let w(v) = 3*v**2 - 2*v - 2. Let t(h) = 2*g(h) - 5*w(h). Calculate t(6).
-12
Suppose 2*o - 3 = i - 0, 3*i = 5*o - 5. Let v be ((-10)/o)/((-6)/(-12)). Let s(f) = -f**2 - 6*f - 3. Calculate s(v).
2
Let p(t) be the first derivative of t**2/2 - 10*t + 1. Suppose x = -5 - 16. Let w be 2/(-8) + x/(-4). Give p(w).
-5
Let y = 3 + -5. Let u(j) be the first derivative of j**2 + 2*j + 1/3*j**3 + 4. What is u(y)?
2
Let m(u) = 1253*u - 1254*u - 4 - 5. Calculate m(-4).
-5
Suppose -2*y - 17 = -11. Let j(z) = -3*z - 3. Determine j(y).
6
Suppose -5*z - 20 - 10 = 0. Let w(y) = -y**2 - 6*y + 4. Give w(z).
4
Let r(w) be the first derivative of -w**2 + 5/3*w**3 + 2 - w. Determine r(-1).
6
Let k be 114/10 + 9/15. Let n be (k/10)/((-6)/(-15)). Let v(x) = x**2 + x. Let m(d) = -d**3 + 6*d**2 + 7*d + 4. Let h(q) = m(q) - 5*v(q). Determine h(n).
-8
Let o(r) = -r**3 - 3*r**2 + r. Let j = 7 - 9. Let v be o(j). Let m be 9/v*(-2)/3. Let t(s) = 3*s - 1. What is t(m)?
2
Suppose 5*o = 5*r, -5*o + 5 = -3*o - r. Suppose -5*t + o = -4*s + 1, -2*s = -4*t + 8. Let q(l) = 0*l + 5*l - 4 - 3*l. What is q(t)?
4
Suppose -4*q + 8 = -4*g, -5*g + 3*q - 2 = -0. Let p(a) = -3*a**2 - 3 - 2 + 3 + 2*a**g. Determine p(2).
-6
Let s(b) = -3*b - 8. Let d(o) = o. Let j(v) = 2*d(v) + s(v). Give j(0).
-8
Let k(c) = -c. Let t be k(-2). Let y(z) = 3*z - 3. Let f be y(2). Let o(n) = n**f + 5*n**2 + n**t - 5*n**2 + 1 - n. What is o(0)?
1
Let p(l) = l + 1. Suppose -2*o - 3*w + 0*w + 3 = 0, -w = 5. Calculate p(o).
10
Suppose 4*i - i = -y + 11, -i = 5*y - 13. Let u(w) be the first derivative of w**4/4 - 2*w**3/3 + w**2/2 + w + 2. Give u(y).
3
Let x be 2/(-7) + (-130)/35. Let a be -2 + x - -3 - -4. Let u(m) = -3*m - m + 2*m. Determine u(a)